-3) - 7?
-10
-5 + 14 + -6 + 1 + -9 + -5
-10
8 - (-4 - (-1 - (-5 - -13)))
3
-38 - ((-11 - -3) + 2 - (-53 - -54))
-31
What is -16 + (29 - 6) + 18?
25
What is the value of (-13 - (8 + -5)) + (14 - (-4 - -12))?
-10
What is (-5 + -5 - -22) + -15?
-3
What is -3 - (0 - 1) - -4 - (-538 - -545)?
-5
Calculate (-313 + 318 - (0 - (2 + -3))) + 4.
8
Calculate -6 - (-2 - (10 + -1 - -2)).
7
What is -10 - (3 + -4) - (-4 - (-11 + 14))?
-2
What is -2 + (-1 + 1 - -19)?
17
2 + -1 - 0 - (-18 + -5 + 10)
14
What is the value of -6 - 0 - (-16 - -13 - (-2 - -15))?
10
What is -9 + (0 + 7 - -23)?
21
What is (-7 - 0) + 252 + -245?
0
Evaluate 3 + -16 + (-46 - -52).
-7
What is the value of 3 + -18 - (-4 + 16 + -11)?
-16
Calculate 30 + (26 - (-13 + 44)).
25
Evaluate 25 - (-1 - (-34 + 16)).
8
3 + 1 + (11 - 1 - (0 + 9))
5
Calculate 7 + (-2 + 5 - 5) + -12 - 3.
-10
Calculate (-3 - (-13 + 17)) + 7.
0
(-8 - -12) + 21 - (5 - 12) - 0
32
(-1 - -3 - (0 - 0)) + -15 + 23
10
-8 - ((-62 - -74) + -21 + -1 - 10)
12
What is 12 - (15 - (2 + 6)) - -3?
8
Evaluate -3 + (25 - 2) - ((4 - 0) + 3).
13
Calculate (-1 - (-36 + 15)) + -27.
-7
What is the value of 16 + 2 + 0 + -10?
8
What is the value of 4 - 0 - (-40 - -35)?
9
2 + 0 + -15 + (-1 - -9)
-5
Evaluate 20 - 19 - (-1 - -2) - -5 - 2.
3
What is the value of 0 + (-2 + 1 - (-7 - -7)) + 10?
9
-5 + 5 + (18 - 5) + -10
3
Evaluate (-8 - -16) + -1 - 6 - 5.
-4
What is 15 - (2 - (-5 + (2 - -1)))?
11
Evaluate -10 + (-1 - -36 - (-8 - -15)).
18
Evaluate (9 - ((2 - 0) + 26)) + 12 + 5.
-2
Calculate -7 + (-1 - -2) + 47 + -20 + -27.
-6
What is 10 + 5 + -4 + 7 + -1 + -4?
13
What is the value of 11 + -13 + -10 + 7 + -3?
-8
Calculate 5 + 3 + -3 - (52 - 65).
18
What is the value of -13 - (-9 + 9 + 16 + 5)?
-34
What is 9 + 1 + (-16 - (-12 - -10))?
-4
What is -75 + 64 + (-2 + 6 - -4)?
-3
22 + (-39 - (-34 + 10))
7
1 + 1 + -5 - (-54 - (-85 - -27))
-7
Evaluate 96 - (64 + 17) - (1 - 20).
34
Evaluate (16 - 10) + (0 - (4 - (-4 + -4))).
-6
Evaluate -5 + (54 - 47 - (1 - -4)).
-3
What is -10 + (7 - (-5 - -15)) - 4?
-17
What is the value of -1 - 3 - (5 + -2 + 3 - 18)?
8
What is the value of 28 + -19 + 7 - 14 - 18?
-16
(-4 - 2 - (-3 + -2 - 11)) + 6
16
Evaluate 28 - (-7 + 1 + 2 + 72 + -67).
27
(14 + -4 - (27 + -22)) + (6 - 1)
10
-15 + (-3 - 10 - (-22 - 13))
7
What is the value of 19 + -11 + -20 - (-3 - 6) - 21?
-24
Evaluate (-8 - (2 - 9)) + (-11 - (2 + -7)).
-7
Evaluate 11 - (11 + (-17 - 3)).
20
What is the value of 52 + -19 + -17 - 19?
-3
5 + (-12 - (13 - 6))
-14
What is (2 - 1) + -13 + (2 + 13 - 13)?
-10
What is 6 + -6 - (-4 - 1 - (3 - 2))?
6
Calculate 1 + (-4 - -10) + 2 + -28.
-19
What is the value of 6 - (-9 + (6 - -4))?
5
What is -48 + 17 + (4 - -13)?
-14
What is the value of -5 + (9 + -2 - (0 + 3 - 6))?
5
What is (3 - (0 - 1 - 6)) + -43 + 45?
12
Evaluate -15 + (22 + -13 - -7).
1
Evaluate 6 + -2 + -4 + 5 + -5.
0
What is the value of (-4 - 9) + 7 - (-6 - 11)?
11
Evaluate 6 - 29 - -2 - -12.
-9
Calculate 7 + -2 + (3 - 3) + 0 + 0.
5
What is 181 - 187 - (2 + -9 - 1)?
2
Evaluate -27 + 31 + (6 - 1) - 11.
-2
Evaluate -1 + (-13 - (10 + -8) - -25).
9
What is (-30 - (-14 + -22)) + -31?
-25
What is the value of 58 - 45 - (2 - (2 - 5)) - 10?
-2
Evaluate 74 + -78 + (4 - (8 + -6)).
-2
What is the value of 0 - (-1 + -2 + 1) - (101 - 104)?
5
-6 - 1 - (-3 + 8 - -9 - 12)
-9
13 + (-1 - (9 - -7)) + (14 - 0)
10
Calculate -13 + -1 + 284 + -285.
-15
What is -7 + (-3 - -12) + 16 + -6?
12
Evaluate 8 + (7 - (9 + -26) - 15).
17
What is the value of (3 - -1 - -15) + -12 + -1 + -5?
1
Evaluate (-3 - -12) + (15 + 2 - 5) + 10.
31
-8 + (-2 - (7 + 1 - 3 - 2))
-13
Evaluate -4 + (12 - 3) + (-1 - 6).
-2
What is 28 + -16 + -3 + 12?
21
Calculate (8 + 0 - (-43 + 38 + -5)) + -3.
15
2 - 3 - 13 - (-4 + (10 - 6))
-14
Calculate -8 + (0 - (-15 - -2)).
5
What is -3 + 0 - (-10 + (5 - -14)) - 5?
-17
Evaluate (1 - -6) + (4 - 1 - (-157 - -153)).
14
Evaluate 14 + (5 - (15 - 24) - 8).
20
Evaluate -20 - (-17 + 1) - 10.
-14
Evaluate 17 - (8 + 23 + 0).
-14
What is 16 + -22 + 15 - -1?
10
What is 8 + 1 - ((-6 + 3 - -8) + 0)?
4
What is (4 + -11 - -6) + 12 - (-7 - -3)?
15
What is -1 - (10 + -7) - (-2 + 0 - 9)?
7
2 + 20 + (16 - 24)
14
What is the value of 3 - (5 - ((-34 - -31) + (0 - 2)))?
-7
What is the value of (7 - (-8 - -28)) + 9?
-4
Calculate (-54 - (-65 - -15)) + (-17 - -1 - 0).
-20
What is 26 + -20 - (-15 + 1 + 5)?
15
Calculate 45 + -39 - (1 - 3 - 9).
17
What is the value of -8 + -1 + (10 + 11 - 21)?
-9
Evaluate 6 - (2 + -1) - (7 - -4) - -8.
2
(-42 - -44) + (-1 + 2 - 6)
-3
Evaluate 29 - 13 - 34 - 14.
-32
Evaluate 17 + (-24 - ((5 - 18) + -2)).
8
Calculate 3 - 17 - ((-3 - -1 - 5) + 2).
-9
14 + (4 - (-4 + 4)) - (3 + 2)
13
Calculate (-1 + 2 - 3) + (-1 + 6 - 0).
3
What is the value of -7 + -2 + -1 + 3 + (375 - 358)?
10
What is the value of (-2 - -1) + -3 + 198 + -191 + -19?
-16
Evaluate 35 + -2 - (-98 + 116).
15
What is (-5 - -2) + -4 + 21 + (35 - 31)?
18
Calculate (5 - 1 - 1) + (1204 - 1200).
7
Evaluate -1 + (0 - 8) + 25.
16
Evaluate -5 + (-7 + -13 + -1 - -10).
-16
What is (12 - (24 - (-16 - -27))) + 13?
12
Evaluate (309 - 306) + (17 - -1) + -3.
18
Calculate 31 + -49 - -32 - 6.
8
What is the value of (12 + -5 + 0 + -6 - -14) + 4?
19
Calculate 10 + -5 + -1 + 2 + (7 - 21).
-8
Evaluate (23 - 6) + 51 + -55.
13
23 + -11 - (5 - 0)
7
0 + 10 - (288 + -290)
12
Evaluate -12 + (2 - (25 - 21 - (1 + -2))).
-15
Evaluate 24 + (-6 - 5) + -5.
8
What is (-3 + (-7 - -3) - -7) + -1?
-1
What is the value of 11 + -2 - ((4 - 5 - -3) + 3)?
4
-4 + -5 + (-3 - -3 - -4)
-5
What is -8 - (-8 + (-9 - -7) + 6 + -7)?
3
What is -15 - (9 - (14 + 27))?
17
Calculate 11 - 11 - ((-6 - 9) + 21).
-6
9 - (-9 + 9 + -2)
11
Evaluate -8 - 2 - (-33 + 26).
-3
Calculate -4 + (-6 - -6) + -6 + (7 - 6).
-9
Calculate 21 + 21 + -81 + 45.
6
Calculate 6 + (5 - 10) + -3.
-2
What is the value of (11 - 6) + -12 - -15?
8
Evaluate -5 - -2 - -10 - (80 - 68).
-5
Calculate 5 + -8 - -6 - (1 - 7) - -10.
19
Calculate -19 + -1 + 10 + 32 - 2.
20
Calculate 2 - -2 - ((9 - 0) + -8).
3
What is (-2 - 1 - -7) + (-84 - -72) - 27?
-35
1 - 12 - (19 + -25) - -9
4
Calculate 15 - 1 - (-81 + 22 - -45).
28
Calculate 25 + -14 + -1 - (13 + 0).
-3
What is 8 + (-22 - -3) - (6 - 1)?
-16
(15 - (23 + -7)) + 6 + 0 - 11
-6
What is the value of -54 + (11 - (-5 - 10))?
-28
What is 22 + (1 - -3 - (3 + -17 - -14))?
26
Evaluate -3 - (1 + (5 - 1 - (-8 - -14))).
-2
What is 4 + (5 - 10) + 1 + 10?
10
What is (4 - (4 + -15 - -6)) + 15 + 0?
24
What is the value of 0 + 2 - 4 - (-627 + 627)?
-2
What is the value of -29 - (4 - 20) - (3 + -9)?
-7
What is (5 - 0) + 0 + -28 + 34?
11
(-24 - -47 - 30) + 14
7
What is (-53 - -28) + 11 + 10?
-4
(6 - 2) + -10 - (11 + -6) - -5
-6
(0 - 1) + (-23 - (-3 + -12)) - -2
-7
What is the value of (-7 + -7 + -8 + 4 - -3) + -1?
-16
Calculate (-5 - -10 - 3 - (-1 + 8)) + -8.
-13
Evaluate 31 + -49 + (3 - -16).
1
What is -6 + (-9 - -2) + -285 + 307?
9
Evaluate -3758 + 3746 + -13 + (-2 - -1).
-26
What is 1 + -2 + 3 + -11 - (-673 + 672)?
-8
-12 - 2 - (3 + 4) - (-2 + -8)
-11
-11 - -11 - (79 - 62)
-17
41 - (-31 - (3 + -42))
33
What is -15 + 0 + (33 - 12)?
6
12 + (9 - (9 + -8) - 17)
3
Evaluate 0 - ((3 - -3) + -3) - (-5 - 9).
11
8 + 7 - (-8 + 4 + -7 + 1)
25
What is -12 + (-2 - (-4 - 4)) - -8?
2
Evaluate -15 - ((5 + 14 - 13) + (1 - 8)).
-14
What is the value of (59 - 67) + 35 + -4?
23
Calculate 0 + 2 + -32 - (-61 + 60 - -7).
-36
(-2 - -3 - 22) + (-205 - -199)
-27
What is the value of -6 + -1 - ((-39 - -55) + -7)?
-16
Calculate (-99 - -109) + (0 - 16) + 1.
-5
Evaluate 74 + -78 + (-4 - 0) - 7.
-15
What is the value of 11 - -1 - 20 - -17?
9
What is the value of -67 - -61 - (22 + -9)?
-19
Calculate (-9 - -12 - -7) + 6.
16
What is the value of -7 - (-6 - (12 - 14) - -13)?
-16
(-8 - (-30 + -2)) + -13
11
What is 14 - (-8 - 3 - -14)?
11
(-1 - 14 - -3) + 1 + -4 + -4
-19
What is the value of 3 - (-8 + 5 + 2 + -2 + 12)?
-6
What is -23 + 17 - 9 - (-2 + -5)?
-8
What is the value of 12 - 34 - (-15 - 24)?
17
What is the value of (4 + (-6 - 5) - -17) + -19?
-9
What is the value of 8 + (14 - (10 + 4))?
8
What is (7 + 4 - 8) + -6?
-3
What is -10 + 26 + 6 + -37?
-15
Evaluate 27 - (84 + -96 - (-23 - 1)).
15
What is -6 + 4 + -1 + 7 + -11?
-7
Evaluate -63 + 33 + (0 - -29).
-1
Evaluate -12 - 6 - (1 - (-35 + 23)).
-31
Evaluate -41 - 4 - -2